late q(97).
-6
Let j(n) = -4*n**2 + 35*n + 21. Determine j(7).
70
Let c(q) = 45*q**2 - 77*q - 174. Give c(3).
0
Let s(g) = g**3 - 4*g**2 + 4*g - 36. Give s(6).
60
Let o(j) = -383*j - 5337. Give o(-14).
25
Let n(f) = -180*f - 2876. What is n(-16)?
4
Let q(x) = -x**3 - 15*x**2 + 8*x + 133. Calculate q(-3).
1
Let o(i) = -21*i**2 + 539*i - 1595. Determine o(3).
-167
Let q(x) = 94*x - 2110. Calculate q(23).
52
Let g(b) = -13*b + 290. What is g(28)?
-74
Let t(p) = 49*p - 269. Determine t(6).
25
Let d(p) = -17*p**2 - 270*p + 20. Determine d(-16).
-12
Let q(s) = -s**3 - 2*s**2 + 28*s + 26. Calculate q(-6).
2
Let c(k) = 43*k + 173. Calculate c(0).
173
Let y(m) = -62*m - 24. Calculate y(-1).
38
Let a(c) = -16*c + 782. Determine a(47).
30
Let m(d) = -d**2 + 36*d + 538. Give m(-12).
-38
Let f(a) = 2*a**2 + 3*a - 85. Calculate f(10).
145
Let u(n) = 10*n**2 + 2066*n - 4167. Determine u(2).
5
Let q(a) = -a**3 + 19*a**2 - 36*a + 12. What is q(17)?
-22
Let n(u) = 35*u - 246. Give n(7).
-1
Let g(m) = m**2 - 165*m + 22. What is g(0)?
22
Let y(q) = -2*q + 64. Determine y(13).
38
Let m(x) = x**3 - 11*x**2 - 8*x - 76. What is m(12)?
-28
Let y(a) = 5*a**2 + 54*a + 169. Calculate y(-7).
36
Let y(g) = -2*g**2 - g + 76. Determine y(5).
21
Let k(y) = 52*y - 506. What is k(10)?
14
Let q(y) = -10*y**2 - 14*y + 42. What is q(5)?
-278
Let z(a) = a**2 + 114*a - 571. Determine z(5).
24
Let v(h) = 9*h**2 + 360*h - 402. Calculate v(-41).
-33
Let k(p) = -p**2 + 138*p - 3129. Calculate k(110).
-49
Let w(g) = g**2 - 47*g + 1. Calculate w(5).
-209
Let t(r) = -r**3 - 12*r**2 + 150*r - 122. Calculate t(7).
-3
Let y(t) = -2*t**3 - 19*t**2 + 194*t - 12. Give y(7).
-271
Let j(o) = o + 58. Calculate j(-28).
30
Let i(d) = 57*d - 366. Give i(7).
33
Let s(m) = m**2 + 53*m + 850. Give s(-19).
204
Let o(w) = 2*w**3 + 17*w**2 - 5*w - 80. Give o(-8).
24
Let j(x) = 15*x - 494. Calculate j(33).
1
Let r(m) = -m**3 - 31*m**2 + 1165*m + 16. Calculate r(-53).
69
Let k(o) = 138*o - 3103. What is k(22)?
-67
Let q(j) = -23*j + 58. Give q(13).
-241
Let y(v) = -29*v + 298. Determine y(4).
182
Let c(v) = 3*v**2 + 38*v - 44. Give c(-8).
-156
Let d(c) = -13*c**2 + 47*c + 25. Calculate d(-2).
-121
Let h(z) = -428*z + 375. Determine h(1).
-53
Let i(p) = p**2 + 27*p + 29. Calculate i(-22).
-81
Let x(k) = -269*k - 118. Calculate x(0).
-118
Let o(s) = 51*s + 20. Determine o(-1).
-31
Let k(o) = 454*o - 1371. Determine k(3).
-9
Let u(a) = 16*a**3 - 272*a**2 - 4*a + 65. Determine u(17).
-3
Let k(o) = 339*o - 906. What is k(3)?
111
Let f(y) = 61*y - 487. What is f(7)?
-60
Let j(u) = -u**2 - 3*u - 3. Give j(3).
-21
Let s(b) = 5*b**2 + 258*b + 112. What is s(-51)?
-41
Let v(o) = 2*o**2 + 264*o - 529. Determine v(-134).
7
Let b(w) = 11*w - 32. Give b(3).
1
Let l(s) = -3*s - 3. Calculate l(21).
-66
Let u(b) = b**3 - 51*b**2 + 224*b + 306. Determine u(46).
30
Let i(b) = 103*b - 16578. Give i(161).
5
Let i(o) = 119*o - 827. Calculate i(7).
6
Let d(a) = -108*a - 1704. Determine d(-16).
24
Let j(r) = -40*r**2 + 404*r - 32. Calculate j(10).
8
Let z(u) = -7*u + 170. Determine z(30).
-40
Let a(z) = z**2 - 25*z - 66. Calculate a(26).
-40
Let f(c) = c**3 - 4*c + 6. Determine f(4).
54
Let x(h) = -65*h**2 - 937*h - 385. Give x(-14).
-7
Let n(g) = -2*g**2 - 11*g + 204. What is n(8)?
-12
Let c(k) = 24*k - 2006. Calculate c(89).
130
Let o(a) = -176*a - 949. Determine o(-7).
283
Let g(r) = r**3 - 10*r**2 - 20*r + 31. Calculate g(6).
-233
Let c(n) = 98*n - 660. Calculate c(8).
124
Let v(k) = k**2 + 92*k - 668. Give v(-99).
25
Let p(z) = -z**3 + 182*z**2 - 717*z + 16. Calculate p(4).
-4
Let b(g) = -g**2 + 268*g - 3320. Determine b(13).
-5
Let a(c) = 101*c - 2612. Calculate a(19).
-693
Let m(y) = 3*y**2 - 480*y - 960. Determine m(-2).
12
Let v(i) = i**3 + 8*i**2 - 20*i - 53. Give v(-9).
46
Let j(k) = 2*k**2 + 155*k + 24. Determine j(-78).
102
Let x(l) = -l**2 + 225*l - 10759. Determine x(69).
5
Let j(u) = 3*u**3 - 24*u**2 + 21*u - 133. Give j(8).
35
Let x(z) = 1177*z - 84736. Determine x(72).
8
Let n(b) = -2*b**3 + 7*b**2 + 8*b - 6. What is n(-2)?
22
Let w(p) = 213*p**2 - 34*p - 34. Determine w(-1).
213
Let z(a) = -a**2 - 315*a - 2442. Calculate z(-8).
14
Let n(x) = -13*x - 88. What is n(15)?
-283
Let g(m) = -m**3 - 3*m**2 - 3*m + 94. Calculate g(5).
-121
Let w(h) = 111*h**3 - 8*h**2 + 7. Determine w(1).
110
Let f(w) = 7*w + 64. What is f(18)?
190
Let t(r) = 13*r**2 + 2*r - 98. Determine t(0).
-98
Let m(r) = 925*r - 1307. Give m(2).
543
Let f(o) = -o**3 + 12*o**2 - 24*o - 69. Calculate f(7).
8
Let r(n) = n**2 + 90*n + 346. Determine r(-86).
2
Let a(n) = -2*n**2 - 30*n - 48. Give a(-13).
4
Let w(u) = 25*u + 1220. Give w(-49).
-5
Let j(n) = -n**2 - 82*n - 724. Determine j(-10).
-4
Let m(n) = -3*n**2 + 146*n + 3429. Give m(66).
-3
Let d(x) = -x**2 - 125*x - 3326. Determine d(-38).
-20
Let n(d) = -1357*d + 1359. Determine n(1).
2
Let y(j) = 2*j**3 - 5*j - 13. Determine y(-4).
-121
Let n(z) = 7*z - 108. Give n(-10).
-178
Let q(f) = 212*f - 7199. What is q(34)?
9
Let d(o) = -373*o + 1833. Determine d(5).
-32
Let v(g) = 9727*g + 97285. What is v(-10)?
15
Let g(y) = -y**2 + 25*y + 39. Give g(25).
39
Let j(w) = -w**2 - 27*w - 87. What is j(-5)?
23
Let d(x) = -34*x + 411. What is d(12)?
3
Let a(z) = -z**2 - 273*z - 11659. What is a(-53)?
1
Let w(o) = -o**3 + 19*o**2 + 19*o - 16. Determine w(20).
-36
Let f(w) = w**2 + 167*w + 7008. Give f(-75).
108
Let l(r) = -r**3 + 15*r**2 - 15*r - 54. Calculate l(14).
-68
Let b(a) = 6*a**3 - 2*a**2 + 15*a - 13. Calculate b(1).
6
Let f(o) = -106*o + 2779. Calculate f(26).
23
Let l(n) = 6*n**3 - 4*n**2 + 29*n + 115. Determine l(-4).
-449
Let b(c) = -109*c + 99. Calculate b(2).
-119
Let u(p) = -1275*p + 2534. Determine u(2).
-16
Let m(o) = 6*o**2 + 28*o + 217. Calculate m(-6).
265
Let r(x) = -4*x**2 - 82*x + 721. Calculate r(8).
-191
Let w(j) = -2*j**3 + j**2 + 5*j - 21. Determine w(0).
-21
Let q(a) = -121*a**2 - 24*a - 14. Determine q(0).
-14
Let o(m) = -5*m**2 - 859*m + 175. What is o(-172)?
3
Let l(m) = -m**3 - 12*m**2 + 325*m + 25. What is l(13)?
25
Let o(v) = 3153*v + 28386. Determine o(-9).
9
Let h(r) = -56*r + 376. Determine h(8).
-72
Let f(y) = -3*y**2 - y + 46. Determine f(-5).
-24
Let z(n) = 22*n - 333. Give z(22).
151
Let b(r) = -3*r**3 - 4*r**2 - 13*r - 5. Give b(-3).
79
Let s(d) = -d**3 - 3*d**2 + 5*d + 13. Give s(-4).
9
Let n(r) = r**2 - 302*r + 4288. Calculate n(15).
-17
Let d(c) = -c**3 + 33*c**2 + 40*c - 96. Give d(34).
108
Let p(d) = 33*d + 121. Give p(11).
484
Let a(j) = -j**3 - 145*j**2 - 444*j - 2551. Determine a(-142).
5
Let y(s) = -5*s**3 + 4*s**2 - 2*s + 3. Determine y(2).
-25
Let g(w) = -w**2 + 16*w - 11. What is g(10)?
49
Let o(a) = -12*a**2 + 193*a - 11. Calculate o(16).
5
Let j(g) = -54*g - 329. What is j(-6)?
-5
Let c(t) = -66*t + 1913. Give c(27).
131
Let s(f) = -4*f**2 + 140*f - 773. Determine s(6).
-77
Let d(z) = z**3 + 140*z**2 - 2*z + 2. Give d(0).
2
Let o(i) = -i**3 - 6*i**2 - 16*i - 9. Determine o(-6).
87
Let x(l) = -10*l - 420. What is x(-40)?
-20
Let q(b) = 47*b + 541. Give q(-16).
-211
Let a(x) = -x**3 - 16*x**2 + 20*x - 59. Calculate a(-18).
229
Let x(t) = 55*t - 365. Give x(6).
-35
Let o(h) = -8*h**3 - 4*h**2 - 4*h. Calculate o(-1).
8
Let z(n) = -n**2 + 176*n + 14777. Determine z(-62).
21
Let o(q) = -2*q**2 + 1431*q + 5752. Determine o(-4).
-4
Let j(s) = -519*s - 11946. Give j(-23).
-9
Let c(w) = -15*w**2 + 69*w + 28. Give c(5).
-2
Let u(w) = -7*w**2 + 100*w - 760. What is u(15)?
-835
Let u(h) = -h**3 + 10*h**2 - 17*h + 34. What is u(5)?
74
Let l(b) = -3*b**2 - 43*b + 20. Determine l(-9).
164
Let d(s) = 18*s**2 - 23*s + 3. What is d(1)?
-2
Let w(x) = x**3 + 5*x**2 + 20*x + 12. Give w(-4).
-52
Let r(l) = 12*l**3 + 70*l**2 + 14*l + 149. What is r(-6)?
-7
Let m(w) = 2*w**3 + 4*w**2 - 2*w + 17. What is m(-4)?
-39
Let u(l) = -60*l + 349. Give u(11).
-311
Let q(w) = -32*w**2 + 12*w - 8. Give q(0).
-8
Let p(a) = 4*a**2 - 153*a - 701. Calculate p(-4).
-25
Let q(v) = 6*v**2 + 41*v + 161. Give q(-6).
131
Let y(g) = -2*g - 116. Give y(-44).
-28
Let a(w) = 22*w - 1094. Calculate a(50).
6
Let c(a) = 59*a**2 + a - 1. What is c(1)?
59
Let c(r) = -r**3 + 22*r**2 - 3*r + 27. What is c(22)?
-39
Let r(i) = i**2 + 48*i + 122. Give r(-32).
-390
Let a(g) = -g**3 - 9*g**2 - 105*g - 1395. Calcu